
Suppose -r + 105 = 6*r. Let b be (632/(-24))/(0 + 1/r). Let q = -40 - b. Is q prime?
False
Let p(m) = 26*m**3 - 7*m**2 + 9*m + 7. Let j be -5 + 16/4 + 5. Suppose -3*r + j*t + 27 = 0, -2*r + 10 + 15 = -5*t. Is p(r) a prime number?
False
Let l(j) = 2105*j**2 - 517*j + 5839. Is l(11) composite?
False
Let c be ((-6)/5)/(48/(-160)). Suppose -4*y + 5947 = r, -4*r + c*y + 10181 = -13627. Is r composite?
True
Let y(g) = -2*g**2 - 2*g + 6. Let m(n) = -n**2 + 17*n - 33. Let z be m(15). Let q be y(z). Is 35394/15 + q/10 prime?
False
Let y = -202429 - -468132. Is y prime?
True
Let v(d) = d**3 + 6*d**2 + d + 11. Let a be v(-6). Suppose a*r = 3*r + 5314. Is r composite?
False
Is 117962 + 3 - (-6)/(3 - 63/14) a composite number?
True
Is (3/(15/11))/(60/2046900) a composite number?
True
Let q(s) = 26419*s - 11180. Is q(31) composite?
False
Suppose -40 = -45*w + 46*w. Let s be 2/4*w/(-5). Suppose -s*f = -11*f + 1771. Is f composite?
True
Suppose -3*v + 3644 = -c, -4*v - 4866 = -8*v + 5*c. Suppose 4*a + w = v, 5*a = -2*w + 7*w + 1505. Is a composite?
True
Let p(d) = -d**3 + 6*d**2 - 14*d + 47. Let u be p(5). Let h(s) = 506*s + 57. Is h(u) prime?
True
Suppose -3*a + 93 = 3*m, m = -5*a - 0 + 155. Suppose a*y = 484508 - 112725. Is y a prime number?
False
Suppose 0 = -0*i + 3*i - 2865. Suppose 0 = g - 2*g + 2*s - 5, 0 = -s + 4. Suppose 2*u + g*u = i. Is u a prime number?
True
Suppose -121 = 40*u - 361. Suppose 0 = u*l - 57284 - 76570. Is l a composite number?
True
Suppose 2*n + 8*q - 12 = 9*q, -4*n = 4*q. Suppose 10*p + 3*b + 1236 = 13*p, 5*p - n*b - 2057 = 0. Is p composite?
False
Let p be 2 - 447/15 - (-2)/(-10). Let s be ((-10)/(-14))/(-5) + (-4)/p. Suppose s = -10*a - 3*a + 21931. Is a a prime number?
False
Let n be (-45)/10*2/(-3). Suppose 0 = -5*h - 2*m + 10131, n*h - 5*m = 2*h + 2037. Is h a composite number?
False
Suppose -3*x + v + 54891 = 0, -2 - 28 = 5*v. Is x a composite number?
True
Suppose 11 + 150 = 23*m. Let p(v) = 1908*v - 59. Is p(m) a prime number?
True
Suppose 0 = -26*k + 781 + 1871. Suppose k*c + 21814 = 104*c. Is c prime?
False
Let p(m) = 472*m + 11. Let z be 4*(-2)/(-28)*(4 + 3). Suppose 0 = 2*b + 2*l + z*l - 30, 0 = -5*b - l + 75. Is p(b) a prime number?
False
Let n(h) = 45*h**2 + 186*h + 56. Is n(79) a composite number?
True
Is ((-24 - 3)/3 + 8)*-219871 prime?
True
Let h = 3916 + 3511. Is h a composite number?
True
Suppose -4*m = -3*f + 54099, -9*f - 18071 = -10*f - 5*m. Is f composite?
False
Suppose 5*a + 4*f = 130409, 130415 = 5*a - 16*f + 21*f. Is a a composite number?
True
Suppose 4*w - 1917 = -3*j + w, 2572 = 4*j - 4*w. Let k = 4968 - j. Is k composite?
False
Let j be (65/15 - (-2)/(-6)) + -2. Let m = j + 2. Suppose -5*z + 581 = 4*v, -m*v + 233 + 366 = -z. Is v a composite number?
False
Let q = -85953 + 168892. Is q prime?
True
Let p(x) = 450*x**2 - x + 3. Let d be 4/3*3*(3 - 4). Is p(d) prime?
True
Suppose -27*q = -26011 - 30932. Let l = q + 368. Is l a prime number?
True
Let o(a) = 64*a**2 + 253*a - 5629. Is o(20) composite?
False
Suppose -51*c - 37744770 = -81*c. Is c prime?
False
Let s(n) = 400*n + 29. Let y be s(6). Suppose -u - 2*a + 4*a + y = 0, -a = u - 2429. Is u a prime number?
False
Let h be 2313/7 + 12/21. Let s = h + -188. Is s a composite number?
True
Suppose -i = 4*i - 135. Suppose 0 = -4*u - 5*k + i, -k = 5*u - 4*k - 80. Suppose -5170 + u = -5*r - 2*l, -5*r + l = -5154. Is r prime?
True
Suppose -g - 116 + 10 = 0. Suppose 100 = 3*t - 245. Let d = t - g. Is d a prime number?
False
Suppose 0 = -315*g + 359*g - 3050036. Is g prime?
False
Is -6*((-3153255)/126 - -1) a composite number?
True
Let r = 320313 + -214799. Is (-5 - (-44)/8)*r a prime number?
True
Suppose 4*w - 73820 = -2*m, -5*w - 4*m - m = -92270. Suppose -w = -5*j - f, -3*f = -3*j + j + 7379. Is j prime?
True
Let q be 2/(-6) - 10/(-3). Is 829/q*(10 + (-35)/(-7)) a prime number?
False
Let o(d) = 2*d - 12. Let l be o(6). Suppose l*m + m + 1 = -2*y, 0 = 2*m + 10. Suppose -y*j + 7*g - 2*g = -859, -3*g - 431 = -j. Is j a prime number?
False
Let j = -137 - -169. Suppose 0 = -v + k + 3168, -v + 31*k - j*k = -3158. Is v prime?
True
Suppose b - 2 = -1, 5*g + 2*b = 2. Suppose -3*i + 6 = -g*i, -2*i + 4940 = -4*w. Let h = w - -2877. Is h a composite number?
True
Suppose 67*a - 820296 = 61*a. Suppose 14*v = 2*v + a. Is v a composite number?
False
Let d = 17910 - 6863. Is d a composite number?
False
Is 3252947/4 - -2 - (-116)/464 a composite number?
True
Let f = 166 - 163. Is 4/(-8) - -1395*f/6 a prime number?
False
Let r = -115743 - -202334. Is r a composite number?
True
Let b be 190/8 - (-1)/4 - 1. Suppose 4*x = 2*d - 4*d + 24, d - 5*x + b = 0. Let i(y) = 20*y**2 - y + 1. Is i(d) a composite number?
False
Let f(x) = -2*x - 24*x**3 + 253 - 258 - 3*x**2 + 0*x - 3*x. Is f(-3) prime?
True
Suppose -60621 + 64527 = 18*s. Is s a prime number?
False
Let z(f) = -325*f - 3. Let h be z(3). Let n = -553 - -1908. Let p = n - h. Is p a composite number?
False
Let q(k) = 412*k + 867. Is q(17) a prime number?
False
Let k(l) = -10*l**3 - 40*l**2 - 34*l - 673. Is k(-33) prime?
True
Suppose 0 = -3*f + 3*v - 2823, -4*v = v - 25. Let o(c) = 1568*c**3 - c**2 - 5*c + 5. Let s be o(1). Let x = f + s. Is x prime?
True
Let h = -37005 + 106126. Suppose -58*o + 45*o = -h. Is o a composite number?
True
Suppose -4*r + 94298 = 4*g - 197826, 4*g = -3*r + 219091. Is r prime?
False
Let v be -15*(-2227)/(-34)*(-8)/(-6). Let h = 1837 + v. Is h a prime number?
False
Let u = 798 - 186. Let s = u - -1225. Is s composite?
True
Suppose 2*k = 5*p - 2880445, p - 15*k + 16*k - 576089 = 0. Is p prime?
True
Suppose -67726 = 7*t - 183849. Is t composite?
True
Suppose 78*a = 83*a + 119066 - 2643901. Is a a composite number?
False
Let o(d) = d**3 + 7*d**2 - 4*d + 33. Let t be o(-8). Is 42117/4 - t/4 a composite number?
False
Let l(w) = 21*w + 25. Let q(o) = -o. Let h(r) = l(r) + q(r). Let a be ((-18)/(-3) - 1) + 16. Is h(a) composite?
True
Let c = 256 - 127. Suppose 126*s - c*s = 0. Suppose -13534 = -5*h - 3*n - s*n, -3*h + 2*n = -8109. Is h composite?
True
Let j(o) = -3*o**3 + 3*o**2 + 2*o - 2. Let p be j(-3). Suppose -p = 5*l - f, 5*l = -2*f + f - 90. Let a(z) = -z**3 - 14*z**2 - 26*z - 6. Is a(l) composite?
False
Let z(a) = -2*a - 8. Let h be z(-4). Suppose t - 4187 = -3*x, 0 = -h*x + x - 3*t - 1409. Is x a composite number?
True
Let x(q) = q**2 - 2*q + 5. Let c be x(0). Suppose -2*m + 361 = c*h, 0*m + 2*h + 396 = 2*m. Let l = 201 + m. Is l prime?
False
Suppose 2*u = k - 3*u + 11, -3*k + u + 23 = 0. Suppose 2*i = -4*w + k*w - 6705, 2683 = 2*w - i. Let s = 1422 + w. Is s a composite number?
True
Suppose -3 - 9 = 3*y. Is ((-3)/(-1) - 16)*356/y composite?
True
Suppose 5*z - 4*n + 1068 - 7023 = 0, -z + 2*n = -1197. Let g(y) = -20*y + 696. Let i be g(0). Let w = z - i. Is w a composite number?
False
Suppose 0*b = -5*u + 2*b - 647, 5*b = -2*u - 282. Let h be 6 + 15*(0 - 17). Let f = u - h. Is f a composite number?
True
Let i(n) = 1855*n**2 - 4*n - 25. Is i(10) a composite number?
True
Suppose 2*y = 3 + 3, -o - 5*y = -6. Let f(i) = 167*i**2 - 5*i + 41. Is f(o) prime?
True
Suppose 0 = -m + 4 - 2. Let g(y) = -3 - y - 117*y**2 + 7*y**3 + 117*y**m. Is g(3) a composite number?
True
Let t(s) = -s - 6*s + 4*s**2 - s + 8 - s. Let g be t(12). Suppose 0*i = -4*i + g. Is i prime?
False
Let c be (24/20)/((-4)/(-10)). Suppose -c*f = -6*f + 9. Suppose -2*h + h - 3*o = -538, f*h - 1621 = -2*o. Is h a composite number?
False
Let w(h) = 3 - 89*h**2 + 88*h**2 - 3*h - 15. Let j be w(-6). Is (-35 - -1)*j/12 prime?
False
Suppose b - q - 397 = 0, 5*b + 4*q - 1786 = 154. Suppose 0 = -5*s - r + 4*r - 398, 5*s + b = -3*r. Let f = 70 - s. Is f prime?
True
Suppose -3*j + 299 + 214 = 0. Let c(b) = b + 19. Let w be c(7). Let v = j - w. Is v prime?
False
Let u(f) = 1126*f**3 + f**2 + f. Let c be u(-1). Suppose -4*l + 4633 = -4067. Let n = l + c. Is n a composite number?
False
Let w(n) = -n**2 + 13*n - 22. Let s be w(11). Let j(b) = 38 - b + 8*b**2 - b**2 + 2*b - 8*b**2. Is j(s) a prime number?
False
Let u = 215542 + -68591. Suppose 0 = 7*i + 31962 - u. Is i a prime number?
True
Suppose -o = -u - 4 + 9, o + 5 = -2*u. Suppose -19 + 4 = -5*z, w - z = -4. Is 9150/10 - ((u - 1) + w) prime?
False
Suppose 0 = -33*r - r + 1077123 + 18831271. Is r a composite